et j(h) = -2*p(h) - r(h). What is j(6)?
7
Let m(z) = -3*z - 7. Suppose c + r = -4, -c = -0*r - 3*r + 12. Give m(c).
11
Let c(a) = a**3 + 4*a**2 + 3*a. Let s(w) = -w**3 - 5*w**2 - 4*w - 1. Let r(q) = 2*c(q) + 3*s(q). Let y be 56/(-9) - 12/(-54). Determine r(y).
-3
Suppose -5*u + 25 = 0, -h + 0*h - 3*u + 16 = 0. Let x(f) = 5*f**2 + f. Calculate x(h).
6
Let y(r) = r**2 + 6*r. Let f be 141/(-27) + (-12)/(-54). Give y(f).
-5
Let y(w) = -4 - w**2 + 4 - 8*w**3 - w. Let j(v) = -v + 4. Let i be j(4). Suppose i = 4*z + 4. Calculate y(z).
8
Let o be 5 + -1 + (-2)/1. Let w(x) = x + x + 0*x + o. Suppose 2*m - 5 = k, 4*m + 0*m - k = 9. Give w(m).
6
Suppose 2*b = 1 - 7. Let a(u) be the second derivative of -u**5/20 - u**4/3 + 3*u**2/2 - 7*u. Determine a(b).
-6
Let g be 3/4*(-6)/(-18). Let v(s) be the first derivative of -g*s**4 + 0*s**3 - s + 1 + s**2. What is v(2)?
-5
Let z(k) be the third derivative of k**7/840 - k**6/90 + k**5/40 - k**4/8 + k**3/2 + 2*k**2. Let w(r) be the first derivative of z(r). Calculate w(3).
-3
Let v(j) be the third derivative of j**5/60 - 5*j**4/24 - 4*j**3/3 - 6*j**2. Determine v(6).
-2
Let u(a) be the first derivative of -7*a**4/4 - 4*a**3/3 - a**2/2 + 3*a + 2. Let g(c) = -14*c**3 - 7*c**2 - 2*c + 5. Let i(r) = 4*g(r) - 7*u(r). Give i(-1).
7
Let y(q) = 7*q**2 + 4*q - 4*q**2 + 2*q**2 + q**3. Let f be (-5 + 7)/(1/(-2)). Give y(f).
0
Let o(r) = -r**2 - 6*r - 4. Let t be 5/(-3) + 4/(-3). Calculate o(t).
5
Let k(p) = p - 4. Suppose -2*z - 30 = 3*z. Let l(w) = w**2 + 4*w - 8. Let q be l(z). Let g be q/10 + 28/5. Calculate k(g).
2
Let g = -3 - -5. Let n(f) = -11*f**2 + f**3 - 2*f**3 + 16*f**g + 3. Calculate n(5).
3
Let m(r) = r**3 - r**2 - r + 2. Let l = -5 - -7. What is m(l)?
4
Let d(q) = -q - 2. Let m(g) = -3*g**2 - 2*g + 2. Suppose 2*h = 3*h + z, 4 = -5*h - 3*z. Let l be m(h). Let w be ((-9)/6)/(l/(-8)). Give d(w).
0
Let v(x) = -x**2 + 7*x - 4. Suppose -4*l = -0*l. Suppose 3*i - 7*i + 5*a + 25 = l, -i - 4*a + 1 = 0. Let z be v(i). Let q(h) = -h**3 + 6*h**2 - 4. What is q(z)?
-4
Let z = -2 + 2. Let i(s) be the second derivative of -s**3/6 + s**2 - s. What is i(z)?
2
Suppose -2*l - h + 236 = -162, h + 597 = 3*l. Suppose -2*q + 3*n - l = 0, 4*q + 411 - 23 = 4*n. Let z be (-1)/(-6) + q/(-24). Let w(m) = m - 2. Give w(z).
2
Let d(y) be the first derivative of -1/4*y**4 + 0*y + y**2 - y**3 + 5. Give d(-4).
8
Let t = 36 + -37. Let s(b) = 7*b**3 + b**2 - 1. Give s(t).
-7
Let f(o) = o**2 - 5*o + 2. Suppose 12*c - 4 = 32. Determine f(c).
-4
Let i(s) = -5*s**2 - 10*s - 4. Let o(b) = -14*b**2 - 29*b - 11. Let r(j) = j**3 - 9*j**2 + 11*j - 7. Let c be r(8). Let g(l) = c*i(l) - 6*o(l). Give g(3).
1
Let k(p) = -p**3 + 5*p**2 + 8*p - 10. Let d be k(6). Let h(x) = -x**3 + x**2 - 2. What is h(d)?
-6
Let g(c) = 2*c - 1. Let x be g(2). Suppose -x*a - a + 8 = 0. Let f(w) = -2 + w + w - 4*w + 2*w**2. Determine f(a).
2
Let s(u) = -2*u + 5*u**2 - u**2 - 5*u**2. Suppose -3*a + 8*a - 20 = 0. Suppose 5*c + 0*c + 3 = -4*l, -4*c + a = 0. What is s(l)?
0
Let a(m) = -11*m**2 + 15*m**2 + 4 - 5*m**2. What is a(0)?
4
Let r(g) be the third derivative of -g**5/60 - g**4/24 - g**3/3 - 4*g**2. Determine r(-2).
-4
Let p(q) be the first derivative of q**4/4 - 2*q**3/3 + q**2 - 3*q + 2. What is p(2)?
1
Let y(t) = -t - 3. Suppose -2*k - 9*k + 44 = 0. Calculate y(k).
-7
Let f(n) = -n**2 + 5*n + 3. Let p be f(5). Suppose p*c + 7 = -4*v + 1, 2*c - 1 = -v. Let o(w) = w + 7 - 5 + 5*w + w**c. Give o(-5).
-3
Suppose 0*m = 2*m. Suppose -4*k + l + 12 = m, -42 = -5*k - 5*l - 2. Let d(c) = 0*c**2 - 4 - 3*c**3 + k*c**3 - c**2 - c. What is d(0)?
-4
Let h = -25 + 23. Let j(o) = 2*o + 1. Calculate j(h).
-3
Suppose 0*i - 3*i + 12 = 0. Let u(o) = 3*o + 1. Let b be u(1). Let q(v) = -2 - 2*v + 3 + v**2 - b*v + 0*v. Calculate q(i).
-7
Let r be 2/(-10) + 22/10. Let p be r/(2 + (-4)/3). Let v(j) = -j + 2. What is v(p)?
-1
Let u(r) = r**3 + 6*r**2 - 5*r + 2. Let w(o) = o - 1. Let z(c) = -u(c) - 5*w(c). Determine z(-6).
3
Suppose -5*i + 12 = -b, -i + 3*b + 14 = 3*i. Let g(v) = -4*v**2 + 3 + 5*v**2 + v**2 - v**i + 2*v. Calculate g(-2).
3
Let u(t) = -t - 6. Let g(p) = p + 6. Let a(z) = 6*g(z) + 7*u(z). Suppose -4*y - y + 3*m - 10 = 0, -4*y - m = 25. What is a(y)?
-1
Let p(b) = -b - 2. Let d = 5 - 1. Let x = d - 7. Calculate p(x).
1
Let v(u) = -u**2 - 1. Let p = -5 - -7. What is v(p)?
-5
Let t be (-2)/(-5) + (-91)/(-35). Suppose 0 = -p + t. Let o(k) = k**3 - 4*k**2 + 2*k - 2. What is o(p)?
-5
Let o(k) = -k - 10. Let g be o(-12). Let q(x) = -x + 2. Determine q(g).
0
Let b(d) be the second derivative of -d**4/12 + d**3 + 3*d**2/2 - 13*d. Determine b(7).
-4
Suppose 6*x - x - 25 = 0. Let g(w) = -5*w**2 + 3*w - 8. Let n(h) = -14*h**2 + 8*h - 23. Let z(l) = -17*g(l) + 6*n(l). Give z(x).
8
Let u(h) = -h + 7. Let i(f) = -3*f + 13. Let m(g) = 6*i(g) - 11*u(g). Calculate m(3).
-20
Let y(h) = 152*h**2 + 1 + 2 - 145*h**2 + h**3 + 8*h. Calculate y(-6).
-9
Let l(w) = 11*w**2 + 1. Let a be l(-1). Suppose k + k = a. Suppose 18 = -3*h + k. Let n(u) = u**2 + 3*u - 2. What is n(h)?
2
Let h(c) = -2*c**2 + 4 + 3*c - 4*c + 4*c. Let b(u) = 4*u - 5. Let s be b(4). Let y be (-2)/s + 210/66. Calculate h(y).
-5
Suppose 0 = -5*o + 16 - 1. Let s(q) = q**2 + o*q - 2*q**3 + 0*q + 4 + q**3. Calculate s(3).
-5
Let r(m) be the first derivative of m**4/4 - 2*m**3 + 5*m**2/2 - 4*m + 18. Give r(3).
-16
Let u(f) be the second derivative of -f**7/2520 + 7*f**6/720 - f**5/24 + f**4/4 - 2*f. Let h(z) be the third derivative of u(z). Calculate h(6).
1
Let f(t) = 3*t**2 - 7. Let v(y) = 16*y**2 + y - 35. Let k(c) = -11*f(c) + 2*v(c). Let p = -7 + 12. Give k(p).
-8
Let c = 22 - 15. Let u(t) = -t**2 + 6*t + 9. Determine u(c).
2
Let h(n) = 6*n**2 - 12*n - 16. Let l(b) = 5*b**2 - 12*b - 16. Let k(v) = 4*h(v) - 5*l(v). Give k(13).
3
Let x(n) be the third derivative of -n**4/12 + 7*n**3/6 + n**2. Let m(h) = -7*h**3 + h**2 + 3*h + 1. Let g be m(-1). Determine x(g).
-5
Let c(a) = 5*a**2 - 1. Suppose -4*h = -3*h - 2. Suppose 3*u + 1 + h = 0. Determine c(u).
4
Let v = -6 + 10. Suppose 0 = -v*b + 7 + 21. Let r(w) = -w**2 + 7*w - 1. Let z be r(b). Let f(m) = -m. Give f(z).
1
Suppose 2*c + 3*c - 226 = 4*n, 0 = -c + 4*n + 58. Suppose -5*y = -4*x + c, 4*x + 6 = -4*y + y. Let d(k) = -k**2 - 6*k + 5. What is d(y)?
5
Let r(o) = o**3 + 4*o**2 + 2*o + 8. Let t be r(-4). Let u(q) be the third derivative of 1/30*q**5 - 1/6*q**4 + t + q**2 + 0*q + 1/3*q**3. Calculate u(2).
2
Suppose 0*j + 33 = -5*j - k, 2*k + 6 = 0. Let d(o) = -o**2 - 9*o - 8. What is d(j)?
10
Let f = -2 - -1. Let b(p) = -8*p - 1. What is b(f)?
7
Let m(o) = o**3 - 5*o**2 + 2*o. Let w(n) = -n**3 - 7*n**2 + 7*n - 3. Let r be w(-8). Give m(r).
10
Let p be 1 + 1 + (-7)/((-56)/(-12)). Let z(i) be the first derivative of -9*i + 0*i**3 + p*i**2 - 1/4*i**4 - 1. What is z(0)?
-9
Let h(q) = -q**2 - 4*q. Let d = -8 - -2. Calculate h(d).
-12
Let h = 8 - 6. Let c(j) = 2 - j + h + 1. Suppose -5*o + 3*g = -13, -o + 4*o - 3 = 3*g. Determine c(o).
0
Let r = -5 - -6. Let b(m) = 18*m**2 + 2*m - 1. Determine b(r).
19
Suppose q - 5*j - 20 = 0, 0 = -3*q + 3*j + 56 - 8. Suppose 2 - q = -4*r - f, r = -3*f - 5. Let w(c) = -c**2 + 5*c - 6. Give w(r).
-2
Suppose -2*a - 2*a - 104 = 0. Let f be a/(-14) + (-2)/(-14). Let i(p) = p**3 + 3*p - 3. Calculate i(f).
11
Let v be (0 + 8)/4*2. Suppose 0 = -v*i + 4*g + 16, -i - i + 4*g + 12 = 0. Let n(d) = -2*d**2 - d + 2. Calculate n(i).
-8
Let w(p) = p**2 - p - 4. Let g be w(3). Let b(d) = g*d + 0*d + 1 - 3*d. Determine b(5).
-4
Let f be 2/8 - 26/8. Let p(l) = 14*l**2 + 17*l + 23. Let h(k) = 6*k + 0*k**2 + 0*k + k**2 + 4*k**2 + 8. Let b(t) = -17*h(t) + 6*p(t). Determine b(f).
-7
Let w(g) be the first derivative of g**3/3 - g**2/2 - g - 3. Determine w(-3).
11
Suppose -4 = -2*q + 6. Let u(s) = 3*s + 2*s - 7 - 6*s + 2*s. What is u(q)?
-2
Let w(u) = -13*u**3 - 21*u**2 - 17*u + 4. Let z(n) = 7*n**3 + 11*n**2 + 9*n - 2. Let s(r) = -6*w(r) - 11*z(r). Let b be ((-60)/(-5))/3*-1*1. Determine s(b).
2
Suppose 0 = -3*n - 4*f - 14, -4*n - f - 3 - 7 = 0. Let j(q) = -2*q + 1. Let m be j(n). Let b(l) = 0 - m*l**2 - 3*l - 2 - l**3 + 2. Give b(-3).
-9
Suppose 9*b - 2*b = -77. Let i = b - -6. Let p(w) = w**2 + 3*w - 4. What is p(i)?
6
Let o(q) = q**2 - 5*q + 3. Let n(v) = -3*v**3 - 8*v**2 - 2*v - 4. Le